j(19). Let p(c) = -2*c + g + 5*c + 5 - 6. Give p(-3).
-10
Let m(w) be the first derivative of w**3/3 + 2*w**2 + 2*w - 4. Let o be (24/20)/(10/25). Suppose -32 = 4*r + o*l, 0 = 2*l + 8 - 0. Give m(r).
7
Let a(d) = -d + 17. Suppose -4 = -5*n + 2*w, -3*n - 2*n - 4*w = -22. Suppose 101 = 5*s - 4*i, 25 = -s + n*s - 2*i. Calculate a(s).
0
Let o(w) be the third derivative of -25*w**4/24 - 13*w**3/6 + 7279*w**2. Calculate o(-1).
12
Suppose -34*v + 40*v = -105*v - 666. Let a(o) = 13*o + 84. Calculate a(v).
6
Let m(w) = w**3 + 4*w**2 - 6*w - 3. Let t(f) = -f**2 - 4*f + 55. Let g be (1 - -1) + (-4)/(-1). Let k be t(g). Determine m(k).
2
Let s = 185 - 347. Let n = s + 159. Let u(p) = 2*p + 1 + 2 - p - p**2. Give u(n).
-9
Let w(h) = 15*h - h**2 - 169 + 257 - 107. Give w(13).
7
Let m(u) = 2*u**3 - 2*u**2 - 8*u + 4. Let p be m(4). Let x(s) = p + 69 - 136 + 3*s. Let w(i) = i**3 - 4*i**2 - i + 2. Let c be w(4). What is x(c)?
-5
Let a be 2 + 1 - (8 + -5). Suppose -9 = c - 11. Let f(j) = 3 - 74*j**2 + j + j**3 + 155*j**c - 80*j**2. Determine f(a).
3
Let p(g) = g**3 - g**2 - 1. Let t(i) = -5*i**3 + 10*i**2 + 2*i + 12. Let b(n) = -4*p(n) - t(n). Suppose u = 3, -k - k = -4*u - 2. Determine b(k).
27
Let u(p) = -p**2 - 46*p - 514. Let i be u(-27). Let m(k) = 13*k**2 + 6*k. What is m(i)?
7
Let f(z) be the second derivative of -z**3/6 - 13*z**2 + 217*z. Determine f(-6).
-20
Let q(c) = 14*c + 5*c - 16 + 4*c**2 - 25*c + c**3 + 18 + 9*c. Calculate q(-4).
-10
Let l(y) = 6*y**2 - 51*y**3 + 323*y - 155*y + 8 + 52*y**3 - 156*y. Give l(-7).
-125
Let f = 1 - 4. Let r = 188 + -193. Let p(k) = -5*k**3 + 7*k**2 + 7*k + 2. Let b(m) = 8*m**3 - 13*m**2 - 13*m - 3. Let c(z) = r*p(z) - 3*b(z). Determine c(f).
-4
Let c(g) = g + 7. Suppose -o = -2*b - 5, -7*b + 5*b = 4*o - 10. Suppose 3*d - d = -o*p - 47, 0 = -p - d - 17. What is c(p)?
-6
Let k = 154 - 149. Let s(z) = k*z - 11*z + 7*z + 11. What is s(-5)?
6
Suppose q - 17 + 15 = 0. Let n(j) = -7*j**q + j - 1 + 1. Let s be -3 + ((-1)/(-2)*-6 - -7). Give n(s).
-6
Let i = -10 - -5. Let z(y) be the third derivative of -1/10*y**5 + 0 + 0*y + 19*y**2 - 7/6*y**3 - 1/120*y**6 - 7/24*y**4. What is z(i)?
3
Let m(u) = -4*u + 74. Let l(f) = 230*f - 213. Let t be l(1). What is m(t)?
6
Let s(r) = -6*r - 161. Let p be s(-26). Let x(n) = -17*n - 93. Let u be x(p). Let m(h) = -3*h - 19. Calculate m(u).
5
Let o(s) be the second derivative of -s**3 + 15*s**2 + 17*s + 14. What is o(7)?
-12
Let z be 252/(-4662) - (-440)/(-74). Let n(c) = 3*c**2 + 6*c + 11. Determine n(z).
83
Let j(p) = -495 + 249 + 257 - 4*p. Calculate j(6).
-13
Let a(u) = u**3 + 2*u**2 - 5*u - 2. Let b = 52 + -34. Suppose -2*g + 50 = -4*h, -g - 4*h + b = -1. Suppose g = -r + 20. What is a(r)?
4
Let v(t) = -t + 34. Suppose -1400 = -46*u - 4*u. Determine v(u).
6
Let p(v) = -2 - 9*v + 5 - v**3 - 7*v**2 + 0. Suppose 316*g + 60 = 304*g. Let n be p(g). Let b(w) = w**2 + 2*w. Give b(n).
0
Suppose -s + 168 - 164 = 0. Let m be ((-9)/s)/(95/(-20) + 5). Let z(w) = w**3 + 9*w**2 + w + 6. What is z(m)?
-3
Let x(j) be the third derivative of -j**5/60 - 13*j**4/8 - 11*j**3/3 - 5182*j**2. Give x(-38).
16
Let w(s) be the third derivative of -3*s**2 + 0 - 5/6*s**3 + 0*s + 1/24*s**4. Give w(9).
4
Let u(f) be the second derivative of 299*f + 1/12*f**4 - 5/6*f**3 + 0 + 9/2*f**2. Determine u(4).
5
Let v(c) = -c**3 - 16*c**2 + 9*c - 6. Let l be ((-51)/(-12))/(2/(-8) - 0). Let d be v(l). Let r(u) = 65*u - d*u - 4 + 62*u. Determine r(-6).
14
Let k(c) be the first derivative of -32*c**2 - 764*c - 2271. What is k(-12)?
4
Let t be 2/(-6)*207/(-3). Let g = 9 - -8. Let f = g - t. Let w(d) = -d + 8. Calculate w(f).
14
Let o(c) = -c - 25422*c**2 - c**3 - 25427*c**2 + 50863*c**2 + 5. Calculate o(14).
-9
Let h(z) = -2*z**2 - 20*z - 20. Let t be h(-8). Let v(b) = -2*b**2 + b - 1. Let p(c) = 3*c**2 + 10*c + 5. Let q(k) = p(k) + 2*v(k). Calculate q(t).
3
Let c(w) be the second derivative of 1/2*w**3 - 1/4*w**4 - 7 + 1/20*w**5 - 5/2*w**2 + 8*w. Calculate c(4).
23
Let x = -198 + 205. Let p(d) = -5*d - 7. Determine p(x).
-42
Let t(d) = d**3 + 9*d**2 + 11*d + 12. Let x = -133 - -150. Suppose -m - 3*u - 17 = 0, -4*m + 2*u - x = 9. Calculate t(m).
-12
Let a(u) = 9. Let v(s) = -s - 44. Let y(f) = -6*a(f) - v(f). Calculate y(8).
-2
Let g(b) be the second derivative of b**3/3 + 7*b**2/2 + 3*b. Let c(x) = -14*x - 28. Let t be c(5). Let h = 93 + t. Calculate g(h).
-3
Let c = -23 + 29. Let p be -4*15/(-12) + 34. Suppose p = c*x + 33. Let k(f) = -6*f. Calculate k(x).
-6
Suppose 5*b - 4*y + 199 = 162, 15 = -6*b - 5*y. Let m(h) = 7*h + 30. Give m(b).
-5
Let k = -441 + 465. Let d be 9 + (k/(-8) - 2). Let c(n) = -n**2 - 3*n + 6. Calculate c(d).
-22
Let m(x) be the second derivative of -x**4/6 - 2*x**3/3 + 7*x**2/2 - 379*x. Let c(j) = 10*j + 25. Let g be c(-3). Calculate m(g).
-23
Let b = 78 - 17. Let z = b - 60. Let u(g) = 4*g**3 - g**2 - g + 1. Calculate u(z).
3
Let m(u) = u**2 + 19*u + 24. Let b be m(-18). Let z(f) = 16*f - b*f + 5*f**2 - f**3 - 10*f + 4. Calculate z(6).
-32
Let h(y) = y**3 + 0*y**2 + 18*y - 231041 + 231045 - 9*y**2. What is h(4)?
-4
Suppose 0 = 2*g - 7*g + 15. Let n(s) = -1 + 9 - g - s**2 - 2*s + 8*s. Suppose a = 4*t - 24, -3*t + 5*a = -0*t - 18. What is n(t)?
5
Let b(x) = -4*x**2 - 16*x + 4. Let m be b(-3). Suppose m*z = 32*z + 64. Let k(a) = -a**3 - 4*a**2 - a - 2. Calculate k(z).
2
Let m(s) = -s + 12. Suppose 24 = 2*y + 4*r - 8, -r + 15 = y. Suppose -y*n = -16*n + 10. Give m(n).
7
Suppose 5*h + 0*h + 2*g = 17, 3*g - 18 = -5*h. Let n(q) = h*q - 8*q + 8*q + 5*q + q**2 + 7. What is n(-7)?
0
Let r(t) = -t**3 + t**2 - 2*t. Let z be (-5 - -4) + 3 - 3 - 4. Let y be 2/z*(-25)/10. Give r(y).
-2
Let s(d) be the second derivative of -d**6/180 - d**5/40 - d**4/2 - 12*d + 3. Let q(w) be the third derivative of s(w). Determine q(-3).
9
Let b be (-45)/(-2)*12/(-54)*3. Let t(q) = q**2 + 18*q + 51. Calculate t(b).
6
Suppose -27*g + 9 = -24*g. Let r be 9/6 + g/(-6). Let v(s) = -10*s**2 - 1. Calculate v(r).
-11
Let p(i) be the second derivative of 3*i**3 - 227*i**2/2 - i - 15515. Determine p(13).
7
Let a be (8/(-2))/(-4)*32. Let j be ((-301)/28 - 5)*a/(-6). Let w(c) = 1 + 44*c - 8*c**3 + 41*c - c**2 - j*c. Determine w(-1).
7
Suppose -122 = 6*w - 140. Let k(d) be the first derivative of 1/4*d**4 + d + 2 - 1/3*d**3 + 0*d**2. What is k(w)?
19
Let n(b) = 3 + b - 3 + 9 - 6 - 3*b. What is n(-13)?
29
Let x(z) = 12*z - 8. Suppose 0 = -5*l + 3*m + 3, -4 = -4*l + 21*m - 17*m. Calculate x(l).
-8
Let y = 30 + -28. Suppose 0 = 2*b + 3*w + 11, -y*b - w + 3 = 8. Let r(q) be the third derivative of -q**5/10 - q**3/6 - 13*q**2. Calculate r(b).
-7
Let n = -25280 + 25237. Let u(k) = 10*k + 437. Determine u(n).
7
Let m(q) = -16*q**2 + 89*q - 25. Let c(s) = 7*s**2 - 37*s + 12. Let k(f) = -9*c(f) - 4*m(f). Calculate k(24).
16
Let c(g) be the second derivative of -g**3/6 + 6*g**2 - 8*g. Let h be c(2). Let d(j) = -17 - 2*j**2 + 7 + 4 + h*j. Determine d(6).
-18
Let q(z) be the third derivative of -z**5/60 - 23*z**4/24 - 23*z**3/2 - 594*z**2 + z. Determine q(-3).
-9
Let x(z) = 9*z + 27. Suppose -5*r - 44 = 4*p, -2*p = 83*r - 81*r + 20. Calculate x(p).
-27
Let g(q) = -2*q - 20. Let f be ((-4)/4)/((-6)/24). Suppose 0 = -4*d - f*s - 64, 15 = -2*d + 4*s + 1. Determine g(d).
6
Suppose -2*q + 3 = q. Let y(p) be the third derivative of p**6/40 - p**5/60 + 25*p**2 - 156*p + 3. Determine y(q).
2
Let z = -142 + 143. Let u(x) be the first derivative of -x**5/60 + 17*x**3/3 + 30. Let b(w) be the third derivative of u(w). What is b(z)?
-2
Suppose 0 = m + 5, -3*t = 30*m - 35*m - 25. Let s(y) = -4*y**2 + y - 36. Calculate s(t).
-36
Let o(n) = 3*n**2 + 2*n - 1. Suppose 5*m + 4*b - 34 = 0, -3*m - 35*b + 40*b + 13 = 0. Suppose m*a = 5 + 1. Calculate o(a).
4
Suppose 3 = -6*p - 7 - 20. Let x be -3 + (-1 - (-8 + 1)). Let w(m) = 5*m**2 - m - 4. Let b(k) = -2*k**2 + k + 2. Let v(s) = x*w(s) + 7*b(s). Calculate v(p).
7
Let s(a) be the first derivative of -1/24*a**4 + 0*a**3 - 7*a**2 - 7 + 0*a. Let g(i) be the second derivative of s(i). Determine g(4).
-4
Let z(j) = j**3 - 6*j**2 + 5*j - 2. Suppose 3*a = 3, -5*f - 8*a + 3 = -5*a. Suppose -4*r - 3*t + f*t = -26, -5*r + t = -23. Give z(r).
-2
Let o(i) = -41*i - 31. Let j be -10*(-2)/(-2) + (217 - 208). Calculate o(j).
10
Let u(c) = -c**